1 prime?
False
Is 1658710133 composite?
True
Is 11642189821 prime?
False
Is 10894589 prime?
False
Is 39916704389 prime?
True
Is 2070808967 composite?
False
Is 2440057085 a prime number?
False
Is 50963531 composite?
False
Is 56335020421 a prime number?
True
Is 49310996151 a prime number?
False
Is 579520169 a prime number?
False
Is 1699279579 composite?
False
Is 567919033 a prime number?
False
Is 13180100531 composite?
True
Is 4387728661 composite?
False
Is 245660893 prime?
False
Is 63999910001 a composite number?
False
Is 720957857 a composite number?
False
Is 4662257287 a prime number?
True
Is 83021037401 a prime number?
True
Is 74641068613 a composite number?
False
Is 18626433971 a composite number?
True
Is 4658829361 a composite number?
False
Is 398581979 composite?
False
Is 75996994873 composite?
True
Is 795092687 composite?
False
Is 139798921 composite?
False
Is 806563421 a prime number?
False
Is 1444628233 a prime number?
False
Is 5555826767 a composite number?
True
Is 110104436987 prime?
False
Is 1102759937 a prime number?
True
Is 27399923 a prime number?
False
Is 353459273 a prime number?
True
Is 21285850409 a composite number?
False
Is 95075203 a composite number?
True
Is 983253883 a prime number?
True
Is 951621779 a composite number?
False
Is 1008946597 a prime number?
False
Is 11105183119 a prime number?
False
Is 777018251 a prime number?
False
Is 1513512739 prime?
False
Is 143768809 a prime number?
True
Is 58880153 prime?
False
Is 1392091265 prime?
False
Is 6901922443 composite?
True
Is 15636328661 prime?
True
Is 8784012191 a composite number?
True
Is 131137845719 a prime number?
True
Is 54748275809 prime?
True
Is 421284927317 a prime number?
True
Is 17871998381 prime?
True
Is 9766959667 composite?
False
Is 36231511721 composite?
True
Is 287275127 a composite number?
False
Is 3385685291 prime?
False
Is 6728477411 a composite number?
True
Is 2150117521 prime?
True
Is 41363852077 composite?
False
Is 24194977441 composite?
True
Is 6143618671 prime?
True
Is 166165943 a prime number?
True
Is 37124564831 composite?
True
Is 6536903731 prime?
False
Is 7155778891 a composite number?
True
Is 1005830011 a composite number?
True
Is 15160206065 a composite number?
True
Is 3261152317 a prime number?
False
Is 61412811071 composite?
True
Is 40373513 a composite number?
True
Is 2219170237 a prime number?
True
Is 7417012507 a composite number?
True
Is 421227449 a prime number?
True
Is 1528089391 a prime number?
True
Is 845758513 a prime number?
True
Is 3044848637 a prime number?
True
Is 1159127 prime?
True
Is 10242104111 prime?
True
Is 13214265943 prime?
False
Is 87703949 composite?
True
Is 14709267689 prime?
True
Is 24162036529 a composite number?
False
Is 3370200733 a prime number?
False
Is 185329108667 composite?
True
Is 483154345 a composite number?
True
Is 527796251 prime?
True
Is 10344911559 composite?
True
Is 3172556117 prime?
True
Is 1540554461 a prime number?
True
Is 4253944937 composite?
True
Is 838711327 composite?
False
Is 860438519 prime?
True
Is 5038759391 composite?
False
Is 337187647 a composite number?
False
Is 11477933419 prime?
False
Is 10748169097 a prime number?
False
Is 393078239 a prime number?
False
Is 2834529587 a prime number?
True
Is 106537141 composite?
True
Is 445886473 a prime number?
True
Is 229304205421 composite?
True
Is 28703385391 a composite number?
False
Is 2008724957 a composite number?
False
Is 12895517849 composite?
False
Is 133599879253 a composite number?
False
Is 769517339 a prime number?
True
Is 751474169 prime?
True
Is 322898989 prime?
False
Is 189063487 composite?
False
Is 1151280219 a prime number?
False
Is 571543727 prime?
False
Is 382929889 prime?
True
Is 31930725829 a prime number?
True
Is 9183796441 a composite number?
False
Is 167046285833 prime?
False
Is 6395946631 a prime number?
True
Is 214858579 a prime number?
False
Is 43161533809 a composite number?
False
Is 2131583231 a composite number?
False
Is 12812891561 a composite number?
True
Is 9123690643 prime?
True
Is 834281339 prime?
True
Is 5015702399 a composite number?
False
Is 491484479 a prime number?
True
Is 3659097291 a composite number?
True
Is 127757537753 a composite number?
True
Is 17054122367 a prime number?
False
Is 22677281513 composite?
False
Is 1391293147 prime?
True
Is 38895383 prime?
True
Is 4336183139 prime?
True
Is 38230406633 prime?
False
Is 158812319 prime?
True
Is 1043710693 a composite number?
False
Is 21541991 a composite number?
True
Is 243044445379 a prime number?
True
Is 119466761 a prime number?
False
Is 13866647257 composite?
False
Is 63009411229 prime?
False
Is 20224696159 a prime number?
False
Is 30802451857 a prime number?
False
Is 362242939 a composite number?
True
Is 4370292413 a composite number?
False
Is 1552325213 composite?
True
Is 260920987 a prime number?
True
Is 9787325981 composite?
True
Is 71463919 composite?
False
Is 1015531973 a prime number?
True
Is 57511503607 a composite number?
True
Is 24364405733 composite?
False
Is 8737850083 a composite number?
False
Is 2293590071 prime?
False
Is 20996863973 a prime number?
True
Is 25698610877 a composite number?
True
Is 469826489 a prime number?
False
Is 1455824603 prime?
False
Is 78595491211 a composite number?
True
Is 9001454681 prime?
False
Is 9956917367 composite?
False
Is 194417219299 prime?
True
Is 1567344289 a composite number?
True
Is 7642504327 composite?
True
Is 1715082337 a prime number?
False
Is 19605261309 a composite number?
True
Is 14450818243 a prime number?
False
Is 13896788179 composite?
False
Is 657686627 composite?
True
Is 15913401533 prime?
True
Is 229668490877 composite?
True
Is 26603505406 a composite number?
True
Is 1134320249 a prime number?
False
Is 2449329091 prime?
False
Is 1933646821 prime?
True
Is 19995256733 a prime number?
True
Is 88241916143 prime?
True
Is 5948897741 composite?
False
Is 87151905355 composite?
True
Is 2583945667 prime?
False
Is 554387191 prime?
True
Is 7367614367 a prime number?
False
Is 5995538173 a composite number?
True
Is 53690563673 composite?
True
Is 3063137261 a composite number?
True
Is 393746003 a prime number?
False
Is 26127491 composite?
True
Is 6343048529 a prime number?
True
Is 33737860309 a composite number?
True
Is 1223016827 composite?
True
Is 129297071 a prime number?
False
Is 6582079 composite?
True
Is 27206609 composite?
True
Is 6256312841 composite?
False
Is 645263129 a prime number?
False
Is 1182476749 a prime number?
True
Is 26692890563 a prime number?
False
Is 10670620657 a composite number?
True
Is 43780652261 prime?
True
Is 9120013519 composite?
False
Is 35967996059 composite?
False
Is 28103401283 composite?
True
Is 629260139 prime?
True
Is 51602449 composite?
False
Is 3349656043 a prime number?
True
Is 4832645453 a prime number?
True
Is 14751232723 a composite number?
False
Is 1010700797 a composite number?
False
Is 21947347 composite?
True
Is 1786437901 a prime number?
True
Is 1913191013 a prime number?
True
Is 20817215179 prime?
True
Is 4743542378 a composite number?
True
Is 1447653497 prime?
True
Is 1380338513 a composite number?
True
Is 1962780797 a prime number?
True
Is 3425829073 a composite number?
True
Is 38044477 a composite number?
False
Is 405325301 composite?
False
Is 4019733413 composite?
True
Is 220608634013 a prime number?
True
Is 25216991 prime?
False
Is 5323143697 a composite number?
False
Is 24739302603 prime?
False
Is 99341484611 a prime number?
True
Is 11871831707 a prime number?
True
Is 5435950477 composite?
False
Is 48933272507 a prime number?
False
Is 13377628157 prime?
False
Is 12912289427 a prime number?
True
Is 3734353351 a composite number?
False
Is 81206077306 prime?
False
Is 8998740983 a prime number?
False
Is 91062784963 a composite number?
True
Is 106731713 prime?
False
Is 39049259411 composite?
False
Is 1152937367 a composite number?
True
Is 1546038787 composite?
False
Is 16864223161 prime?
False
Is 73291011979 a prime number?
True
Is 725393707 a composite number?
True
Is 243626306137 a composite number?
True
Is 12417439054 composite?
True
Is 207710231761 a composite number?
True
Is 612367673 a prime number?
True
Is 9595487081 a composite number?
False
Is 119642092529 composite?
True
Is 1893098681 a composite number?
False
Is 957901883 a composite numb